{"id":49,"date":"2019-07-22T15:04:09","date_gmt":"2019-07-22T15:04:09","guid":{"rendered":"https:\/\/www.dj-trautsch.de\/?page_id=49"},"modified":"2019-07-22T15:35:39","modified_gmt":"2019-07-22T15:35:39","slug":"veranstaltungsservice","status":"publish","type":"page","link":"https:\/\/www.dj-trautsch.de\/?page_id=49","title":{"rendered":"Veranstaltungsservice"},"content":{"rendered":"<p>Ein freundliches Team erfahrener Ton- und Lichttechniker hilft Ihnen bei der Planung und Realisierung Ihrer Veranstaltung, ob Privatparty, Tanzveranstaltung, Hochzeit oder Stadtfest. Wir sorgen f\u00fcr einen reibungslosen Ablauf ihrer Veranstaltung. Bestm\u00f6gliche Planung und eine sorgf\u00e4ltige Abspache sorgen f\u00fcr einen entspannten Eventablauf.<\/p>\n<p>Bitte kontaktieren Sie uns rechtzeitig! Wir freuen uns auf Ihre <a href=\"https:\/\/www.dj-trautsch.de\/?page_id=12\"><strong>ANFRAGE<\/strong>!<\/a><\/p>\n","protected":false},"excerpt":{"rendered":"<p>Ein freundliches Team erfahrener Ton- und Lichttechniker hilft Ihnen bei der Planung und Realisierung Ihrer Veranstaltung, ob Privatparty, Tanzveranstaltung, Hochzeit oder Stadtfest. Wir sorgen f\u00fcr einen reibungslosen Ablauf ihrer Veranstaltung. Bestm\u00f6gliche Planung und eine sorgf\u00e4ltige Abspache sorgen f\u00fcr einen entspannten Eventablauf. Bitte kontaktieren Sie uns rechtzeitig! Wir freuen uns auf Ihre ANFRAGE!<\/p>\n","protected":false},"author":1,"featured_media":0,"parent":0,"menu_order":0,"comment_status":"closed","ping_status":"closed","template":"","meta":{"footnotes":""},"class_list":["post-49","page","type-page","status-publish","hentry"],"_links":{"self":[{"href":"https:\/\/www.dj-trautsch.de\/index.php?rest_route=\/wp\/v2\/pages\/49","targetHints":{"allow":["GET"]}}],"collection":[{"href":"https:\/\/www.dj-trautsch.de\/index.php?rest_route=\/wp\/v2\/pages"}],"about":[{"href":"https:\/\/www.dj-trautsch.de\/index.php?rest_route=\/wp\/v2\/types\/page"}],"author":[{"embeddable":true,"href":"https:\/\/www.dj-trautsch.de\/index.php?rest_route=\/wp\/v2\/users\/1"}],"replies":[{"embeddable":true,"href":"https:\/\/www.dj-trautsch.de\/index.php?rest_route=%2Fwp%2Fv2%2Fcomments&post=49"}],"version-history":[{"count":4,"href":"https:\/\/www.dj-trautsch.de\/index.php?rest_route=\/wp\/v2\/pages\/49\/revisions"}],"predecessor-version":[{"id":61,"href":"https:\/\/www.dj-trautsch.de\/index.php?rest_route=\/wp\/v2\/pages\/49\/revisions\/61"}],"wp:attachment":[{"href":"https:\/\/www.dj-trautsch.de\/index.php?rest_route=%2Fwp%2Fv2%2Fmedia&parent=49"}],"curies":[{"name":"wp","href":"https:\/\/api.w.org\/{rel}","templated":true}]}}